ite number?
True
Is 3815159 a prime number?
True
Is 199387127 prime?
True
Is 28707559 prime?
True
Is 2250791 composite?
True
Is 3988202 composite?
True
Is 1084835 prime?
False
Is 16298153 a composite number?
False
Is 1555457 a composite number?
True
Is 8052443 a prime number?
False
Is 105389623 a prime number?
False
Is 10163089 prime?
False
Is 150527651 composite?
False
Is 304683307 composite?
False
Is 123188711 a prime number?
True
Is 1424909 prime?
False
Is 15842587 a prime number?
True
Is 60968959 composite?
True
Is 34488842 prime?
False
Is 8995003 composite?
False
Is 75308677 prime?
False
Is 4314451 a prime number?
True
Is 728207 a composite number?
False
Is 21695299 composite?
False
Is 6391837 a prime number?
True
Is 2204431 composite?
False
Is 3805727 composite?
True
Is 448541371 a prime number?
True
Is 385812979 composite?
False
Is 26910661 a composite number?
False
Is 70428763 composite?
True
Is 166236001 composite?
True
Is 6247837 a prime number?
False
Is 13913161 a composite number?
False
Is 49032161 prime?
True
Is 73204979 a prime number?
True
Is 260358326 a prime number?
False
Is 52521163 prime?
True
Is 98847817 prime?
True
Is 62840153 composite?
False
Is 218513497 composite?
False
Is 2830183 composite?
True
Is 416664019 a prime number?
False
Is 5110099 a composite number?
True
Is 1920277 a composite number?
True
Is 1446001 a composite number?
False
Is 222862667 composite?
True
Is 374219 a prime number?
True
Is 759392263 composite?
True
Is 457323 prime?
False
Is 1388515 prime?
False
Is 1073647 a composite number?
False
Is 23912398 composite?
True
Is 202570171 composite?
True
Is 1610333 a composite number?
False
Is 24384673 a prime number?
True
Is 1177387 prime?
True
Is 16651969 prime?
True
Is 11202557 a prime number?
False
Is 203044189 a composite number?
False
Is 8454619 a prime number?
True
Is 10372709 a prime number?
True
Is 22220249 a composite number?
False
Is 804689 prime?
True
Is 24005053 a composite number?
False
Is 5112773 composite?
True
Is 12539843 prime?
True
Is 3408439 a prime number?
False
Is 38297489 a prime number?
True
Is 6090251 composite?
False
Is 11931203 a composite number?
False
Is 928524469 prime?
True
Is 528299 composite?
False
Is 12148585 prime?
False
Is 7840253 composite?
False
Is 1544359 a composite number?
True
Is 709998811 a prime number?
True
Is 119315197 a composite number?
True
Is 4801903 composite?
False
Is 4490751 a prime number?
False
Is 135805153 a prime number?
False
Is 9127463 a prime number?
True
Is 14485859 prime?
True
Is 31891313 prime?
True
Is 170847823 composite?
True
Is 54739147 composite?
False
Is 22486427 composite?
True
Is 7171279 a prime number?
True
Is 248479459 prime?
False
Is 700557229 prime?
True
Is 9120011 a prime number?
True
Is 470579 a composite number?
False
Is 63582889 a composite number?
False
Is 10219655 prime?
False
Is 174329 a composite number?
False
Is 4743493 prime?
False
Is 15171593 composite?
False
Is 15413743 composite?
False
Is 100972087 composite?
True
Is 410984047 composite?
False
Is 305027 a prime number?
False
Is 6653737 prime?
False
Is 600648601 prime?
False
Is 760951 prime?
True
Is 49441493 a prime number?
True
Is 32959477 a composite number?
False
Is 14827783 a prime number?
True
Is 21247 composite?
False
Is 496572501 a composite number?
True
Is 30784157 a prime number?
True
Is 610939911 composite?
True
Is 6972127 prime?
True
Is 665461 a composite number?
True
Is 145981453 composite?
True
Is 93763213 prime?
False
Is 938921 composite?
False
Is 140857945 prime?
False
Is 216033781 a composite number?
True
Is 13441213 prime?
True
Is 9560567 a composite number?
True
Is 400742403 a composite number?
True
Is 9874999 composite?
False
Is 984911 composite?
False
Is 6040289 prime?
True
Is 60089281 composite?
True
Is 4254553 a composite number?
False
Is 23294327 a composite number?
True
Is 8499917 a composite number?
False
Is 3835439 composite?
False
Is 38175343 prime?
False
Is 253419377 a prime number?
False
Is 308296817 composite?
False
Is 146153617 prime?
True
Is 2393871 prime?
False
Is 1909021 a prime number?
True
Is 1376495 composite?
True
Is 12164953 a composite number?
True
Is 705259 a composite number?
False
Is 93528793 a composite number?
False
Is 169793629 a prime number?
False
Is 6040477 prime?
True
Is 4570373 prime?
False
Is 4222613 prime?
False
Is 278805037 a composite number?
True
Is 91660567 prime?
True
Is 3587117 prime?
True
Is 11806997 a prime number?
True
Is 1917817 composite?
True
Is 3694849 prime?
False
Is 3573991 prime?
False
Is 508571581 prime?
False
Is 14448985 a composite number?
True
Is 77739185 composite?
True
Is 2099507 composite?
False
Is 370571 composite?
False
Is 2662547 composite?
False
Is 68841335 a composite number?
True
Is 312673 a prime number?
True
Is 61781 a composite number?
False
Is 2273593 a composite number?
True
Is 245828567 a composite number?
False
Is 228007 prime?
False
Is 20858897 a prime number?
True
Is 76138493 a prime number?
True
Is 1990632335 composite?
True
Is 26846579 a prime number?
True
Is 80520851 prime?
True
Is 11790137 composite?
True
Is 21100901 composite?
False
Is 38152286 a composite number?
True
Is 18405977 prime?
True
Is 427746787 prime?
False
Is 17547181 a composite number?
False
Is 15555647 prime?
True
Is 40435823 a composite number?
False
Is 3058697 a composite number?
False
Is 27905327 composite?
True
Is 452429 prime?
False
Is 61254827 prime?
True
Is 2461135 a composite number?
True
Is 505038701 a prime number?
False
Is 72040127 composite?
False
Is 6688687 a composite number?
True
Is 3328639 prime?
False
Is 439102915 composite?
True
Is 36533045 a composite number?
True
Is 14370799 composite?
True
Is 1109360497 a composite number?
True
Is 9204857 prime?
True
Is 1276337 a prime number?
False
Is 25239337 a composite number?
False
Is 4601251627 a prime number?
False
Is 15778043 a prime number?
True
Is 11390909 composite?
False
Is 8631661 prime?
False
Is 452691193 a prime number?
True
Is 4838633 a prime number?
True
Is 288124807 composite?
False
Is 6226273 a composite number?
False
Is 23212597 a composite number?
True
Is 6127759 a composite number?
True
Is 1325671 a composite number?
True
Is 302317 prime?
True
Is 90536269 a composite number?
True
Is 48332383 a prime number?
False
Is 30676463 a prime number?
True
Is 4135829 a composite number?
False
Is 13400957 prime?
False
Is 1286447 prime?
True
Is 11531077 prime?
False
Is 53779 a composite number?
True
Is 9136893 a prime number?
False
Is 170242 prime?
False
Is 16272887 composite?
False
Is 79485749 composite?
True
Is 382703 prime?
True
Is 147095423 prime?
True
Is 40629629 a composite number?
False
Is 19425397 composite?
True
Is 110136937 a composite number?
False
Is 1646261 a composite number?
False
Is 580039 composite?
True
Is 3139673 a composite number?
False
Is 63637547 a composite number?
False
Is 341835451 a prime number?
False
Is 278735713 composite?
True
Is 70270919 composite?
False
Is 218446693 prime?
True
Is 813319 a composite number?
True
Is 277992061 a prime number?
True
Is 40980089 a composite number?
True
Is 20878433 composite?
False
Is 4550659 a composite number?
True
Is 264842549 prime?
True
Is 1624885 a composite number?
True
Is 977147 composite?
False
Is 153742877 a prime number?
False
Is 334430441 composite?
False
Is 5314531 prime?
False
Is 20604343 prime?
False
Is 111306737 composite?
True
Is 109933531 a prime number?
True
Is 562813 a composite number?
False
Is 626597 a prime number?
True
Is 2518909 composite?
True
Is 80147281 a prime number?
True
Is 22551559 a composite number?
False
Is 28309462 a prime number?
False
Is 1371673 a prime number?
False
Is 23935253 prime?
True
Is 546701 prime?
False
Is 32944291 prime?
True
Is 78063097 a prime number?
False
Is 3057733 a prime number?
False
Is 1796269 prime?
True
Is 9181687 composite?
True
Is 2757551 a prime number?
False
Is 7342921 composite?
True
Is 3719981 a composite number?
False
Is 1020787 a prime number?
False
Is 29892281 a composite number?
False
Is 8913473 a prime number?
True
Is 27435097 a composite number?
False
Is 16004063 composite?
True
Is 13278923 a composite number?
True
Is 91894559 a composite number?
False
Is 1564889 composite?
True
Is 670357 prime?
False
Is 25781069 a pri